 66 = -p*o. What are the prime factors of o?
2, 11
Suppose 0 = 3*o - 15, 5*o = -5*z + 4*z + 192. List the prime factors of z.
167
Let r be 21/4 + (-1)/4. Suppose -u + f = -6, -7 - 2 = -r*u - 2*f. Let a = u - 1. What are the prime factors of a?
2
Let n = -22 - -16. Let v be (-20)/(-6)*(-9)/n. Suppose 4*o - v*o - 13 = -5*p, o + 1 = p. What are the prime factors of p?
3
Suppose -s + 4*n + 0*n = -78, 148 = 2*s - 4*n. List the prime factors of s.
2, 5, 7
Suppose -d + 3 - 10 = -3*r, r - 4*d = -5. Suppose r*f = 20 + 10. What are the prime factors of f?
2, 5
Let q(k) = -k**2 + 8*k - 4. Let c = -4 + 6. Suppose -c*z + 30 = 3*z. List the prime factors of q(z).
2
List the prime factors of 30/18 + 262/3.
89
Let f be (-3 + 6)*(-2)/3. Let t be (3/f)/((-9)/12). List the prime factors of t/(-3) + (-51)/(-9).
5
Suppose 0 = 2*l + 10, 0 = -2*q + q + 2*l + 27. Suppose -4*j + 5*j + 7 = 0. Let o = q + j. List the prime factors of o.
2, 5
Suppose -a + 3 = -4*z + 18, 0 = 5*a - 5*z + 15. What are the prime factors of ((-12)/36)/(a/(-6))?
2
Let t(h) = h**2 - 16*h + 16. Let g be t(11). Let l = -26 - g. List the prime factors of l.
13
Let w(j) = 3*j**2 + j - 9. List the prime factors of w(-4).
5, 7
What are the prime factors of 5*(-10)/(-125)*315?
2, 3, 7
Let q = 211 - 112. What are the prime factors of q?
3, 11
List the prime factors of (15/(-12))/(3/(-36)).
3, 5
Let u be (3 - 0/2)*2. Let q = u - -20. List the prime factors of q.
2, 13
Let b = 45 - 31. Let p = b - 2. What are the prime factors of p?
2, 3
Let m(q) = 19*q - 1. Let x be m(2). Suppose -3*u - 17 = 3*g - 4*g, 3*u = 5*g - x. List the prime factors of g.
5
Let i(o) = o**2 - 4*o - 11. List the prime factors of i(-5).
2, 17
Let y = 273 - 143. List the prime factors of y.
2, 5, 13
Suppose k - 21 = -3*f, -f - 3*k + 4*k = -3. What are the prime factors of f?
2, 3
Let z be 4 + -4*2/4. Suppose -z = -q - 6. What are the prime factors of (-8)/(-5)*(-10)/q?
2
Suppose 0 = -z - 3*z + 76. List the prime factors of z.
19
Let j = -5 - -4. Let f(n) = -7*n**3. What are the prime factors of f(j)?
7
Let p(z) = 10*z**2 - z - 12. What are the prime factors of p(4)?
2, 3
Let u be ((-23)/2)/(7/56). Let n = u - -135. Let k = n - 31. What are the prime factors of k?
2, 3
Suppose 5*v = 3*m - 99, -2*m + 66 = 2*v + 2*v. List the prime factors of m.
3, 11
Suppose 39 = 4*d - 4*i + 3*i, 5*d = -4*i + 54. List the prime factors of 16/20*(d + 0).
2
Let i be (-3)/(-2) - 109/(-2). Suppose 4*r - i = 2*r. Suppose 0 = -f - 3*f - 2*j + 50, -2*f + r = 2*j. List the prime factors of f.
11
Suppose 46 + 12 = m. List the prime factors of m.
2, 29
What are the prime factors of (-5456)/(-28) - 1/(-7)?
3, 5, 13
Suppose 15 + 0 = 3*h. Suppose h = d - 0. Suppose -5*r = -5 - d. List the prime factors of r.
2
Suppose -17 - 1 = -3*k. What are the prime factors of k?
2, 3
Suppose -4*v + 302 = -4882. Suppose v = -p - 3*p. List the prime factors of (-2)/(-10) - p/30.
11
Let t(l) = l**2 + 2*l + 1. Let o be t(-4). Suppose 0 = 2*a - p - 2*p - o, a - 1 = 5*p. Suppose a = 2*n + n. What are the prime factors of n?
2
Let v(t) = t**3 - 3*t**2 + 2*t + 4. Suppose 0*y = y. Suppose y = 3*w + 3*d - 12, 0 = -2*w + 3*d - d + 4. What are the prime factors of v(w)?
2, 5
Let r = -4 + 15. Let k = r - 6. Let q = k + 3. What are the prime factors of q?
2
Let r(y) = -10*y - 22. Let c(i) = 21*i + 44. Let p(d) = 6*c(d) + 13*r(d). List the prime factors of p(-12).
2, 13
Let s = -7 - 0. Let q(c) = c**2 + 6*c + 10. What are the prime factors of q(s)?
17
Let x(l) = l**3 - 6*l**2 + 2*l - 9. Let f be x(6). Suppose 0 = -2*h + f*h. Suppose -p + 7 = -h. List the prime factors of p.
7
Let p(z) = 22*z - 6. Let t be p(4). List the prime factors of (-6)/(-8) - t/(-8).
11
Suppose 2*h - 22 = 54. What are the prime factors of h?
2, 19
Let a(x) = x + 9. Suppose -d - 4*f - 4 = f, 3*d - 2*f = 5. Suppose 7 = i - d. What are the prime factors of a(i)?
17
Let w(z) = z**2 - 4*z - 4. Let a be w(5). Let y be 4 + 0/(-1)*-1. Let i = a + y. What are the prime factors of i?
5
Let i be 2/(-8) - (-26)/8. Let g be 3/(-9) - 29/i. What are the prime factors of (-66)/g - 6/(-15)?
7
Suppose -36 - 4 = -4*q. List the prime factors of q.
2, 5
Let l = -36 + 111. Let r = -38 + l. What are the prime factors of r?
37
List the prime factors of 421/4 - 1/4.
3, 5, 7
What are the prime factors of 4 - 1 - (-103 - 6)?
2, 7
Let w be (-8)/6*15/10. Let l(s) = -s + 1. Let x be l(w). What are the prime factors of 6 + x/(-1) + 2?
5
Let d be (-2)/7 - (-2)/7. Let h be (4 - 2) + d + -2. Suppose -4*v + 14 = 3*w - 12, h = -v + 5. What are the prime factors of w?
2
Let h be (-6)/1*-2 + 3. Suppose -7*u + h = -2*u. What are the prime factors of u?
3
Suppose 0*p + 16 = 2*p. Suppose 5*j - p = j. List the prime factors of j.
2
List the prime factors of -11*(2 + 1 + -4).
11
List the prime factors of ((-13)/4)/(1/(-16)).
2, 13
Suppose 4*m = p - 123, -2*m + 416 = 4*p + m. List the prime factors of p.
107
Let w be (-2 + (-2 - -4))/(-2). Suppose 3*f + 3*p - 12 = w, 3*p = 3*f + 2*p. Suppose -8*k = -3*k + 3*y - f, 2 = -5*k - 4*y. What are the prime factors of k?
2
Suppose -4*a = 19 - 59. Suppose -3*o - 10 = -4*k + 33, 2*o = -a. What are the prime factors of k?
7
Suppose 31 - 76 = -v. Suppose 0 = 3*r - v + 3. List the prime factors of r.
2, 7
Let c be 24/5 + 4/20. Suppose -5*x + 5*m = -160, -5*m - 73 = -c*x + 3*x. List the prime factors of x.
29
Let v(y) = -y + 6. Let l be (3/3 - -1) + -2. Let i be v(l). Suppose -2*z + i = z. List the prime factors of z.
2
Suppose 0*m = 5*m + 20, 0 = 5*g - 5*m - 485. List the prime factors of g.
3, 31
Let h be 1 + (3 + -1 - 0). Let b be (-32)/(-80) - 2/5. Suppose 0 = -2*c - 5*p - 7, -5*p - 27 = -h*c - b. What are the prime factors of c?
2
Suppose -2*r = 5*n + 12 + 4, r = 5*n + 7. List the prime factors of (-31)/n - (-18)/12.
17
Let x(t) = t**2 + 3*t - 5. Let q(i) = -i**2 + i - 5. Let j be q(0). Let v be x(j). Suppose 0*g + v*g = 60. What are the prime factors of g?
2, 3
Let m(i) = i**3 + 2*i**2 - 3*i - 3. Let z be m(-3). Let y be (-2)/z - (-70)/3. Let c = -13 + y. What are the prime factors of c?
11
Suppose -4*b + 3*g = 14, b + 2 = 5*g - 10. Let j(x) = -3*x**2 + 3*x + 3. Let w be j(b). Let k = -3 - w. List the prime factors of k.
2, 3
Let w be 1*2 - 0/(-2). Let r be (1 - 18/(-4))*w. Suppose 5*x + 29 = y, 3*x - 13 = -4*y + r. What are the prime factors of y?
3
Let q be 1 + (-3)/(5 + -2). Suppose -2*c + q*c = 0. What are the prime factors of 1 + 15/3 - c?
2, 3
Let u = 135 + -132. List the prime factors of u.
3
Let v = 1 - -1. Suppose -v*g + 22 = -0. List the prime factors of g.
11
What are the prime factors of 520/6 + (-8)/(-24)?
3, 29
Let x = 16 + 8. What are the prime factors of x?
2, 3
Let s = 8 + -3. Let i be (-1 - s*21)/(-2). Suppose x + 3*t = 4*t + 12, 5*x - i = -2*t. List the prime factors of x.
11
Let p(i) = -5 + 3 + 3*i + i**2 - 2. Let s be p(-6). Suppose -s = -2*f + 2. List the prime factors of f.
2
Suppose -p - 24 = -4*p. List the prime factors of p.
2
Suppose 0 = -5*p + 4*p + 2. Suppose -12 = -2*c - p*b, -19 = -4*c - b + 2. Suppose 2*o - 2*s = -2*o + 34, c*s = o - 31. List the prime factors of o.
2, 3
Let y = 28 - 18. Let h(r) = -r**2 - 4*r + 6. Let w be h(-5). List the prime factors of w*3 + y/5.
5
Let m be (2/5)/(3/(-15)). Let x = m + 0. List the prime factors of x/((-11)/5 - -2).
2, 5
Let s be 2*(-2)/(2 + -6). Suppose -s = 3*v - 7. List the prime factors of v.
2
Let b be (-6)/(-10) - (-6)/15. Let s(i) = 2*i**2 - 3*i. Let o be s(6). Suppose 5*c - b - o = 0. List the prime factors of c.
11
Let m be -3 + -1 + 3 + 10. Suppose -o + 0 = -m. What are the prime factors of o?
3
Let r = -56 - -79. What are the prime factors of r?
23
Suppose -5*l + 20 = -190. Let q be 5*(2 + l/(-15)). List the prime factors of 114/(-12)*q/2.
19
Let q(t) = -3*t - 2*t + 2*t + 2*t. Suppose o - 36 = 5*o. What are the prime factors of q(o)?
3
Suppose -6*n = -3*n. Suppose n*j - j + 11 = 0. What are the prime factors of j?
11
List the prime factors of (-6)/12 - (-562)/4.
2, 5, 7
Suppose -5*c - 4*p + 300 = 0, -270 = -c - 4*c + 2*p. List the prime factors of c.
2, 7
Let l = -18 + 36. Let z = -9 + l. What are the prime factors of z?
3
Let c = 58 - -48. What are the prime factors of c?
2, 53
Let f be 0/(-5) + 4/2. Suppose 0 = -h - 0*h + 3*y + 34, -74 